
8
Let p be 104776/48 + 21/18. What is the highest common divisor of p and 56?
56
Let w = 2230 + -1180. Let v be (4/3)/(4/w). Calculate the highest common factor of v and 35.
35
Suppose -2*u = 1 + 7, -u + 896 = 2*h. Suppose h*f = 443*f + 49. What is the highest common factor of f and 259?
7
Let h = -4724 + 9638. What is the greatest common factor of 26 and h?
26
Let b(w) = -w**3 + 11*w**2 - 7*w - 4. Let a be b(7). Let v(d) = -d**2 + 5 + 5 - 18 + 10*d - 4. Let q be v(5). What is the highest common factor of a and q?
13
Suppose 0 = 4*o - 3*o - 2. Let j be (-3 + (-27)/(-4))/((-6)/(-32)). Suppose o*l + 4 = j. What is the highest common factor of 56 and l?
8
Let o(a) = -85*a + 1260. Let h be o(14). Calculate the greatest common factor of 434 and h.
14
Let y be (8/6)/(2/39). Let l = 156515 - 156307. What is the highest common factor of y and l?
26
Let o = -21 + 8. Let r = o + 13. Suppose 50 = 5*u + 2*x - r, 4*x = 20. What is the highest common factor of 6 and u?
2
Suppose 0 = -4*v - 2*v - 3*v. Suppose u - 263 - 27 = v. What is the greatest common divisor of 10 and u?
10
Suppose -16*i + 18*i - 86 = 0. Suppose i - 9 = 2*q. What is the greatest common factor of q and 2?
1
Let v = 23 - 0. Let y = -2385 - -2477. What is the greatest common factor of y and v?
23
Let d be ((-2580)/36 + 15)*(-3)/2. Calculate the highest common factor of d and 25.
5
Let u be (-10 - -138) + 4*2/(-2). Let b be u - (-12 - 4)/4. Calculate the greatest common divisor of 8 and b.
8
Let w = -226 + 231. Let o(r) = -r**3 + 7*r**2 + 3*r - 11. Let l be o(w). Calculate the greatest common divisor of l and 27.
27
Suppose 4769 - 515 = 76*y - 1218. What is the greatest common divisor of y and 9?
9
Suppose 0*x - 4*x + 5*r + 1920 = 0, -x + r = -481. Calculate the greatest common factor of x and 1649.
97
Let t = -315 - -217. Let p be (-164)/(-3) + 8/(-12). Let j be p/7 - 28/t. What is the greatest common divisor of 20 and j?
4
Suppose -109 + 861 = 4*x. Let q = 189 - x. Calculate the greatest common divisor of q and 3.
1
Let r be 4/(1 - -1)*9. Suppose 3*c = 4*z - 68, -2*z - 2*z + 100 = 5*c. Let i = 16 + z. Calculate the greatest common divisor of r and i.
18
Let q(a) = 3*a + 30. Let i be q(-10). Suppose i*k + 174 = 2*o + 2*k, -5*k - 425 = -5*o. Calculate the greatest common divisor of o and 172.
86
Let d = 5284 + -5268. Suppose -4*x = 2*h + 4, 3 = -4*x - 5*h - 7. Suppose x*k + 8 = -2*k, -3*g - k + 8 = 0. Calculate the highest common divisor of d and g.
4
Let r(b) be the second derivative of 413*b**3/6 - 53*b**2/2 - 285*b. Let h be r(1). What is the greatest common factor of h and 45?
45
Suppose 0 = -141*w + 144*w + 9, 5*y - 553 = w. Calculate the greatest common factor of 170 and y.
10
Suppose -5*b + 2*n + 30 = -3*n, 0 = -2*n - 8. Suppose -b*r - 7 + 77 = 0. What is the greatest common factor of 70 and r?
35
Let f = 10517 + -10371. What is the greatest common factor of 18 and f?
2
Let c be (-28)/49 - (-36)/14. Suppose a - c*q = -q + 290, 3*a + q - 854 = 0. Let g = -30 + 56. What is the highest common divisor of g and a?
26
Let d be ((-16)/28)/((3/(-10))/((-1386)/(-165))). What is the greatest common factor of d and 64?
16
Suppose 1677 + 2643 = 36*h. Calculate the greatest common factor of 2352 and h.
24
Suppose -c - 3*u + 779 = 0, -2*c - 2*u = -u - 1558. Let m = 1101 - c. What is the highest common divisor of 23 and m?
23
Let s(l) = 15*l - 9. Let c be s(0). Let i be (72/c - -34) + (-1)/(-1). What is the highest common divisor of i and 45?
9
Let u(q) = 5 + 2*q**3 + 7*q**2 + 3*q**3 - 6*q**3 - 5*q. Let a be u(6). Let j = -303 + 358. Calculate the greatest common divisor of j and a.
11
Suppose 12*s + 1186 + 1406 = 0. Let t = 254 + s. What is the greatest common factor of 38 and t?
38
Let z be (1*-3)/(3066/(-2197300)). Calculate the greatest common factor of 450 and z.
50
Suppose -1048*z = -1078*z + 360. Calculate the highest common divisor of z and 228.
12
Suppose -10 = -13*i + 29. Suppose 2*y = i*z - 73, -5*y + 13 = -z + 59. What is the greatest common divisor of z and 175?
7
Let u = -81 + 146. Let l be (-5)/(596/(-144) + 4) + -10. What is the highest common factor of l and u?
13
Let x be (21 + -9 + 177)/((-392)/(-336)). Suppose 4*d = 5*c + 736, -3*c + 738 + 219 = 5*d. What is the greatest common factor of d and x?
27
Let x(y) = y**3 + 3*y**2 - 5*y - 2. Suppose -3 = -2*i - 9. Let h be x(i). Suppose -29 = -3*b + h. Calculate the greatest common divisor of b and 14.
14
Let q = 5831 + -5759. What is the greatest common factor of 17208 and q?
72
Suppose -262062 = 38*t - 11*t - 238*t. What is the greatest common divisor of 54 and t?
54
Suppose 1029*g - 22959 + 112329 = 1044*g. Calculate the highest common factor of g and 9.
9
Let b = 1 - -11. Let v = 5739 - 5727. Calculate the greatest common factor of b and v.
12
Let s be (-18)/4 + 4/8. Let z be -4 + 2 - -248 - s. Let v = z - 50. Calculate the highest common divisor of 25 and v.
25
Let k = 78 - 102. Suppose -13 = -u - 62. Let y = k - u. What is the highest common divisor of y and 5?
5
Let d = 261 + -42. Let k = d - 138. Let a be 7 + (1 - (2 + -3)). What is the greatest common factor of a and k?
9
Suppose g + 2*q - 173 = -51, 0 = 4*q + 20. Suppose -2801 = -24*z + 1159. Calculate the greatest common factor of g and z.
33
Let l = -50 + 94. Let v be 22/((-78)/(-11) - 7). What is the greatest common divisor of v and l?
22
Let f be (3660/(-6))/1 + -5. Let y = -197 - f. What is the greatest common factor of 38 and y?
38
Suppose 479 = 13*x + 1805. Let s = -90 - x. Calculate the greatest common divisor of 9 and s.
3
Suppose 48 = -5*i + 123. Calculate the greatest common divisor of i and 2985.
15
Let x(n) = -n**3 + 31*n**2 + 60*n - 40. Let l be x(16). What is the greatest common divisor of 2520 and l?
280
Let y be (22/5)/(7/35). Let k be ((-1)/(-1))/(2/y). Let p(t) = -t**3 + 10*t**2 + 13*t + 187. Let w be p(12). What is the greatest common divisor of w and k?
11
Let t = -621 + 929. Suppose -6*x + t = -100. Calculate the highest common divisor of x and 12.
4
Let d(s) = 7*s**3 + 7*s. Let j be d(4). Suppose 0 = -70*v + 74*v - j. Let t be 1 + (0 - (3 + -36)). What is the greatest common divisor of v and t?
17
Let o be 34/(-3)*11295/(-502). What is the greatest common divisor of 935 and o?
85
Let v be -113*(-7 - 76) + 10. Calculate the highest common factor of v and 82.
41
Let p = -28883 - -28967. Calculate the highest common divisor of p and 3228.
12
Let r = 32573 + -32523. Suppose -4*b + 39 = -t, -2*b = 3*t - 4*t - 19. What is the highest common factor of r and b?
10
Let k be 1196/208*(28 - 0). Let t = -7 - -14. Calculate the highest common factor of k and t.
7
Let z(m) = -2*m + 9. Let c be z(3). Suppose -187 = -c*f + v, -271 = -4*f + 2*v - 5*v. What is the highest common divisor of f and 96?
32
Let n(q) = q**3 - 27*q**2 + 2*q - 38. Let s be n(27). What is the highest common divisor of s and 1680?
16
Let l = -8809 - -8895. What is the highest common divisor of l and 1763?
43
Let m be (-4 + 2 - (-612)/10)*(-5460)/(-168). Calculate the greatest common divisor of 130 and m.
26
Suppose -235*l = -2077614 + 446714. What is the greatest common divisor of l and 40?
20
Let c be (-266)/57*2667/(-14). What is the highest common factor of 77 and c?
7
Let s be (5/3)/((-23)/69). Let b be 1 + 0 + s - -6. What is the greatest common divisor of 8 and b?
2
Let l(c) = -164*c - 72. Let i(q) = -41*q - 18. Let a = -25 + 27. Let j(o) = a*l(o) - 9*i(o). Let y be j(4). What is the highest common divisor of 26 and y?
26
Let z = -7142 + 7472. Calculate the greatest common divisor of 690 and z.
30
Suppose -7*w + w = 66. Let n be (364/6)/(w/594). Let b be (n/(-49))/((-6)/(-28)). Calculate the greatest common factor of b and 39.
39
Let o be (-1 + 13)*(-16)/(-3). Suppose 3*d - 12*b + 10*b = 294, 4*d + 3*b = 375. Calculate the greatest common factor of o and d.
32
Suppose -28*s + 19*s + 36432 = 0. Calculate the highest common factor of 528 and s.
176
Let l be (1/(-2))/(1442434/(-120204) + 12). Let v be (1 + -3 + 12)*l/(-54). Calculate the greatest common divisor of v and 15.
15
Let n = -68198 - -68338. Let w be ((-5)/(-3))/(1/36). What is the highest common divisor of w and n?
20
Let n(b) = 5*b**3 + 160*b**2 - 37*b + 57. Let f be n(-32). What is the greatest common divisor of f and 68?
17
L